hen 779 is divided by k.
14
Suppose 366 = 6*b - 0*b. Suppose 4*o - 16 = -0*o. Calculate the remainder when b is divided by o*(-2)/((-8)/11).
6
Let x = -1127 - -2137. Let c = -955 + x. Calculate the remainder when c is divided by 46.
9
Let i = -4160 - -4277. Calculate the remainder when i is divided by 13.
0
Suppose -2*b + 824 = 4*j, 4*b = -62*j + 66*j - 848. What is the remainder when 2099 is divided by j?
19
Suppose -4*l + 0*l + 172 = 0. Let i = -25 + l. Calculate the remainder when 10 is divided by (-40)/i + 2 - 224/(-36).
4
What is the remainder when 15/(945/(-14)) - (-768)/54 is divided by 10?
4
Let u be -5 + 0 + (-48)/(-16). Calculate the remainder when 165 is divided by u/(-7) - (-6)/84*290.
18
Let c = 90 - -36. Suppose -9*m = 5*m - c. Calculate the remainder when 35 is divided by m.
8
Suppose -3*f + 6 = -0*f. Suppose -f*v - 122 = -5*n, -4*v + 4 + 12 = 0. Suppose -720 = -27*o - 21*o. What is the remainder when n is divided by o?
11
Let m(g) = 2*g**3 + 23*g**2 - 17*g + 885. Let b(i) = 36*i**2 + 2*i - 1. Calculate the remainder when m(-14) is divided by b(1).
32
Let n(i) = -i**2 - 9*i - 3. Suppose 0*g - 2*g + 3 = -q, -5*g + 6 = -q. Let s be (2 - q)/(12/(-28)). What is the remainder when 51 is divided by n(s)?
7
Let h(p) = p**3 + 24*p**2 - 4*p + 27. What is the remainder when h(-24) is divided by 62?
61
Let y = 606 + -536. Suppose -5*c + 905 = y. Calculate the remainder when c is divided by 14.
13
Let i(q) = -136*q - 104. Let w(j) = 21*j + 16. Let g(a) = 5*i(a) + 32*w(a). Let v be g(-24). Suppose 5*b - b = v. What is the remainder when b is divided by 18?
10
Suppose 4912 = 152*f + 504. Let g(j) = j**2 - 9*j + 2. Let n be g(7). Let a = -2 - n. Calculate the remainder when f is divided by a.
9
Let n = -377 - -4238. What is the remainder when n is divided by 184?
181
Suppose -4*w - 1280 = -24*w. Suppose -11 = -3*t + 1. Suppose -t*b + a - 4*a = -85, 5*a = 4*b - 93. What is the remainder when w is divided by b?
20
Suppose 59*n - 1230 = -5*y + 55*n, -5*y + 1195 = -3*n. Calculate the remainder when y is divided by 23.
12
Let p = 2506 - 2413. Calculate the remainder when p is divided by 12.
9
Suppose 34*s - 4235 = 16845. Let a = s - 521. Calculate the remainder when a is divided by 43.
13
Suppose 3*l - 5*d - 213 = 0, -4*l = -3*d - 144 - 129. Let m = 111 + -20. Suppose -o = 5*a - 2, -3 = 5*o - a - m. What is the remainder when l is divided by o?
15
Suppose -298 = -5*d + 4*s + 559, -2*s = -3*d + 513. Calculate the remainder when d is divided by 52.
13
Let q be (-2)/5 - ((-12)/(-15))/(-2). Suppose q = -n + 16 - 4. Let b = 97 - 26. What is the remainder when b is divided by n?
11
Let u = -622 - -647. Calculate the remainder when (560/u - -3)*(-5)/(-1) is divided by 16.
15
Suppose -43*r - 5*p = -38*r - 500, -197 = -2*r - p. Calculate the remainder when r is divided by 9.
7
Suppose -572 = -f - j + 162, 4*j + 2952 = 4*f. Let l = 755 - f. What is the remainder when 4/(-14) + 233/7 is divided by l?
14
Calculate the remainder when (-16)/6 + (-211194)/(-162) is divided by 42.
41
Suppose -12*n = -7*n + 305. Let z = n + 42. Let j = z - -32. What is the remainder when j is divided by 10?
3
Let v(z) = z**3 - 36*z**2 - 11*z + 53. Let m be v(36). Let o = m - -350. Calculate the remainder when (-4 - 0)/(2/(-8)) is divided by o.
2
Suppose 0 = -25*x + 812 + 338. What is the remainder when 411 is divided by x?
43
Let l = 3102 + -2954. What is the remainder when l is divided by 45?
13
Let j be (-172)/(-12) + 1/(-3). Let x = 245 + -167. What is the remainder when 15 is divided by (-6)/(-14) + x/j?
3
Let s(l) = -176*l + 202. Calculate the remainder when s(-6) is divided by 4.
2
Suppose -81*c = 18*c - 10890. Calculate the remainder when 1098 is divided by c.
108
Suppose 7*w = 22*w + 2250. What is the remainder when w/(-3)*((-8)/16 + 2) is divided by 7?
5
Let r(g) = -475*g + 1923. Calculate the remainder when 93 is divided by r(4).
1
What is the remainder when (208 - -17 - -1) + -11 is divided by 33?
17
Suppose -2317*u + 2311*u = -5412. Calculate the remainder when u is divided by 448.
6
Suppose 57*j = 15*j - 180984 + 485568. What is the remainder when j is divided by 62?
60
Let j(g) = 44*g - 255. Let q = -1 - -13. What is the remainder when q is divided by j(6)?
3
Let o(z) = z**3 - 2*z**2 + 2*z + 45. Let h be o(0). Suppose h*l - 72 = 36*l. Suppose r = l*r - 364. Calculate the remainder when r is divided by 27.
25
Let t = 3420 + -3080. What is the remainder when t is divided by 7?
4
Suppose 49 = 21*g - 35. Suppose 0 = -12*h + 9*h - 4*v + 129, g*h = -3*v + 179. What is the remainder when h is divided by 15?
2
Let a = -282 - -314. Suppose -a*p = -33*p + 104. What is the remainder when p is divided by 36?
32
Let m(o) = 2*o**2 + 126*o + 758. Suppose 2*f = -2*f + 104. What is the remainder when m(-57) is divided by f?
22
Let o(m) be the first derivative of -5*m**4/4 - m**3/3 - m**2 - m - 55. What is the remainder when 18 is divided by o(-1)?
3
Suppose 0 = -3*w + 4*w - 44. Suppose 0 = 23*u - 243 - 608. Calculate the remainder when w is divided by u.
7
Suppose p - 17 = x, -3*p + 14 = 3*x - 7. Suppose -p*l + 574 = 2*l. What is the remainder when l is divided by -1 + 6 + (0 - -2)?
6
Let z(j) = -2*j**2 + 8*j + 3. Let g be z(3). Let c(o) = 3*o**2 - 17*o + 63. What is the remainder when c(g) is divided by 5?
3
Calculate the remainder when (-137)/(((5/1)/(-5))/(40/8)) is divided by 141.
121
Calculate the remainder when 4351 is divided by (-32)/4 + 92 + 399.
4
Let b(q) be the second derivative of -q**5/10 - q**4/4 + q**3/6 + 146*q. Calculate the remainder when 717 is divided by b(-3).
21
Suppose -3*v + 72 = -v. Let z = -15 + v. Calculate the remainder when (-8)/(-60) - (-9348)/90 is divided by z.
20
Let o(m) = 253*m**2 + 52*m + 52. Calculate the remainder when o(-1) is divided by 40.
13
Let z = 1484 + -1077. Calculate the remainder when z is divided by 83.
75
Let y = 202 - 318. Calculate the remainder when 72 is divided by ((-87)/y)/((-1)/(-20)).
12
Let u = -137 + -787. Calculate the remainder when 135 is divided by u/(-99)*(-6)/(-4).
9
Suppose 5*j + 65 = 4*r, 2*r = 5*j + 38 - 23. Calculate the remainder when 117 is divided by r.
17
Let b(g) = -81*g**3 + 64*g**3 - 6*g + 14 - 11 + 2*g**2 + 50*g**3. What is the remainder when 156 is divided by b(1)?
28
Let d(t) = 379*t**3 + 8*t + 8*t**2 - 380*t**3 + 4*t + 19. Let f be d(9). Suppose -m = 3*i + i - f, -2*i = -4. Calculate the remainder when 73 is divided by m.
35
Let k = 10383 - 5962. Calculate the remainder when k is divided by 66.
65
Let o = 5202 + -5020. What is the remainder when o is divided by 21?
14
Calculate the remainder when ((-3404658)/(-85))/29*80/6 is divided by 109.
104
Let i = 43371 - 43350. Let n(o) = -2*o**2 - 3*o - 2. Let p(q) = -2*q**2 - 3*q - 3. Let h(s) = -6*n(s) + 5*p(s). What is the remainder when h(4) is divided by i?
20
Suppose 4*c + 3*v - 94 - 38 = 0, -99 = -3*c + 2*v. Calculate the remainder when 2174 is divided by c.
29
Suppose 20*o = 21*o - 10. Calculate the remainder when 465 is divided by 772/20 - o/(-25).
36
Let u(j) = 15*j**2 + 34*j - 202. What is the remainder when 455 is divided by u(4)?
107
Suppose -6*j + 12 = -3*j. Calculate the remainder when j/30 - 746/(-30) is divided by (-37)/(-5) - (-2)/(-5).
4
Let g(n) be the third derivative of n**6/60 + n**5/5 + n**3/3 + 8*n**2. Let s be g(-6). Calculate the remainder when 177 is divided by 224/(6 - s) - -4.
57
Suppose 5*u + 4*n = 5*n + 92, -3*n - 6 = 0. Let h = 30 - u. Let x(m) = -m**2 - 12*m + 21. Calculate the remainder when x(-12) is divided by h.
9
Let u(o) = -377*o + 17. Let k be u(1). Let i = -137 - k. Calculate the remainder when i is divided by 5.
3
Suppose 38 - 18 = 5*j. Let b be (12/(-18))/(j/78). Let k = 6 - b. What is the remainder when 36 is divided by k?
17
Suppose 3*y - 2*r - 10072 = 0, -13426 = -10*y + 6*y + 2*r. What is the remainder when y is divided by 5?
4
Let u(a) = 678*a + 4840. Calculate the remainder when u(-7) is divided by 10.
4
Suppose -2*s + 3*v + 7 = 0, 2*s - 2*v - 10 = -2*s. Let x be (s/2)/((-1)/(-81)). Let t = x + -31. What is the remainder when t is divided by 14?
8
Suppose k + k - 28 = 0. What is the remainder when (-520)/56*(-420)/150 is divided by k?
12
Let v be 3/(21/(-14)) - -7. Suppose 21 = v*h - 169. What is the remaind